{"id":265,"date":"2023-11-07T00:09:40","date_gmt":"2023-11-06T23:09:40","guid":{"rendered":"https:\/\/www.locativ.com\/dorinka\/?page_id=265"},"modified":"2023-11-07T12:07:39","modified_gmt":"2023-11-07T11:07:39","slug":"doreen-daume-album-2-pl","status":"publish","type":"page","link":"https:\/\/www.locativ.com\/dorinka\/pl\/doreen-daume-album-2-pl\/","title":{"rendered":"Doreen Daume (album 2) &#8211; PL"},"content":{"rendered":"\n<p>Niestety nie uda\u0142o mi si\u0119 zidentyfikowa\u0107 wszystkich autor\u00f3w prezentowanych zdj\u0119\u0107. Wi\u0119kszo\u015b\u0107 z nich pochodzi od Ma\u0107ka Scholza i Marka Wilczy\u0144skiego, cz\u0119\u015b\u0107 otrzyma\u0142am od Aloisa Rittera, stowarzyszenia artystycznego Alte Schmiede oraz IG \u00dcbersetzerinnen \u00dcbersetzer. Kilka zdj\u0119\u0107 pochodzi od Moniki Muska\u0142y i Paw\u0142a Krula. Je\u015bli kto\u015b odkryje tutaj swoje zdj\u0119cia lub mo\u017ce przynajmniej poda\u0107 autora, prosz\u0119 o przes\u0142anie e-maila na adres webmaster@locativ.com<\/p>\n\n\n<div class=\"gmedia_gallery amron_module is_bot\" id=\"GmediaGallery_4\" data-gmid=\"4\" data-module=\"amron\"><script type=\"text\/javascript\">\n\t(function() {\n\t\tthis['GmediaGallery_4'] = {\n\t\t\t'settings':{\"collectionThumbRecomendedWidth\":\"260\",\"collectionPreloaderColor\":\"333333\",\"linkTargetWindow\":\"_blank\",\"thumbSpacing\":\"10\",\"tagsFilter\":\"0\",\"tagCloudAll\":\"All\",\"tagCloudTextColor\":\"rgba(0, 0, 0, 1)\",\"tagCloudTextColorOver\":\"rgba(255,255, 255, 1)\",\"tagCloudBgColor\":\"rgba(211, 211, 211, 1)\",\"tagCloudBgColorOver\":\"rgba(11, 11, 11, 1)\",\"collectionThumbHoverColor\":\"rgba(0, 0, 0, .7)\",\"collectionThumbContentBGColor\":\"rgba(245,245,245,1)\",\"collectionThumbTitleShow\":\"0\",\"collectionThumbTitleColor\":\"rgba(0,0,0,1)\",\"collectionThumbFontSize\":\"18\",\"collectionThumbDescriptionShow\":\"0\",\"collectionThumbDescriptionColor\":\"rgba(0,0,0,1)\",\"collectionThumbDescriptionFontSize\":\"15\",\"collectionReadMoreButtonLabel\":\"Read More\",\"collectionReadMoreButtonLabelColor\":\"rgba(255, 255, 255, 1)\",\"collectionReadMoreButtonBGColor\":\"rgba(0, 0, 0, 1)\",\"collectionReadMoreButtonLabelColorHover\":\"rgba(0, 0, 0, 1)\",\"collectionReadMoreButtonBGColorHover\":\"rgba(235,235,235,1)\",\"modaBgColor\":\"rgba(0,0,0,0.9)\",\"modalInfoBoxBgColor\":\"rgba(255,255,255,1)\",\"modalInfoBoxTitleTextColor\":\"000000\",\"modalInfoBoxTextColor\":\"333333\",\"infoBarCountersEnable\":\"0\",\"infoBarDateInfoEnable\":\"0\",\"lightBoxEnable\":\"1\",\"sliderPreloaderColor\":\"ffffff\",\"sliderBgColor\":\"rgba(0,0,0,0.8)\",\"sliderHeaderFooterBgColor\":\"000000\",\"sliderNavigationColor\":\"rgba(0,0,0,1)\",\"sliderNavigationIconColor\":\"rgba(255,255,255,1)\",\"sliderNavigationColorOver\":\"rgba(255,255,255,1)\",\"sliderNavigationIconColorOver\":\"rgba(0,0,0,1)\",\"sliderItemTitleFontSize\":\"24\",\"sliderItemTitleTextColor\":\"ffffff\",\"sliderThumbBarEnable\":\"0\",\"sliderThumbBarHoverColor\":\"ffffff\",\"sliderThumbSubMenuBackgroundColor\":\"rgba(0,0,0,1)\",\"sliderThumbSubMenuBackgroundColorOver\":\"rgba(255,255,255,1)\",\"sliderThumbSubMenuIconColor\":\"rgba(255,255,255,1)\",\"sliderThumbSubMenuIconHoverColor\":\"rgba(0,0,0,1)\",\"sliderInfoEnable\":\"0\",\"sliderItemDownload\":\"1\",\"sliderItemDiscuss\":\"0\",\"sliderSocialShareEnabled\":\"1\",\"sliderLikesEnabled\":\"1\",\"customCSS\":\"\",\"module_url\":\"https:\\\/\\\/www.locativ.com\\\/dorinka\\\/wp-content\\\/plugins\\\/grand-media\\\/module\\\/amron\",\"license\":\"\",\"post_url\":\"https:\\\/\\\/www.locativ.com\\\/dorinka\\\/wp-json\\\/wp\\\/v2\\\/pages\\\/265\"},\n\t\t\t'appQuery':{\"orderby\":\"custom\",\"order\":\"ASC\",\"album__in\":\"4\",\"status\":[\"publish\"],\"limit\":100},\n\t\t\t'appApi':\"https:\\\/\\\/www.locativ.com\\\/dorinka\\\/?gmedia-app=1&gmappversion=4&gmmodule=1\",\n\t\t\t'appInfo':{\"name\":\"Dorinka 2\",\"description\":\"Leider konnte ich nicht alle Autoren der pr\\u00e4sentierten Aufnahmen eruieren. Die meisten stammen von Maciek Scholz und Marek Wilczy\\u0144ski, einige habe ich vom Kunstverein Alte Schmiede und IG \\u00dcbersetzerinnen \\u00dcbersetzer erhalten. Vereinzelte Bilder kommen von Monika Muska\\u0142a und Pawel Krul. Falls jemand hier seine Fotos entdeckt oder zumindest den Autor nennen kann, ersuche ich um E-mail an webmaster@locativ.com\"}};\n\t})();\n<\/script>\n<\/div>\n","protected":false},"excerpt":{"rendered":"<p>Niestety nie uda\u0142o mi si\u0119 zidentyfikowa\u0107 wszystkich autor\u00f3w prezentowanych zdj\u0119\u0107. Wi\u0119kszo\u015b\u0107 z nich pochodzi od Ma\u0107ka Scholza i Marka Wilczy\u0144skiego, cz\u0119\u015b\u0107 otrzyma\u0142am od Aloisa Rittera, stowarzyszenia artystycznego Alte Schmiede oraz IG \u00dcbersetzerinnen \u00dcbersetzer. Kilka zdj\u0119\u0107 pochodzi od Moniki Muska\u0142y i Paw\u0142a Krula. Je\u015bli kto\u015b odkryje tutaj swoje zdj\u0119cia lub mo\u017ce przynajmniej poda\u0107 autora, prosz\u0119 o &#8230; <a title=\"Doreen Daume (album 2) &#8211; PL\" class=\"read-more\" href=\"https:\/\/www.locativ.com\/dorinka\/pl\/doreen-daume-album-2-pl\/\" aria-label=\"Mehr zu Doreen Daume (album 2) &#8211; PL\">Weiterlesen &#8230;<\/a><\/p>\n","protected":false},"author":1,"featured_media":0,"parent":0,"menu_order":0,"comment_status":"closed","ping_status":"closed","template":"","meta":{"footnotes":""},"_links":{"self":[{"href":"https:\/\/www.locativ.com\/dorinka\/wp-json\/wp\/v2\/pages\/265"}],"collection":[{"href":"https:\/\/www.locativ.com\/dorinka\/wp-json\/wp\/v2\/pages"}],"about":[{"href":"https:\/\/www.locativ.com\/dorinka\/wp-json\/wp\/v2\/types\/page"}],"author":[{"embeddable":true,"href":"https:\/\/www.locativ.com\/dorinka\/wp-json\/wp\/v2\/users\/1"}],"replies":[{"embeddable":true,"href":"https:\/\/www.locativ.com\/dorinka\/wp-json\/wp\/v2\/comments?post=265"}],"version-history":[{"count":6,"href":"https:\/\/www.locativ.com\/dorinka\/wp-json\/wp\/v2\/pages\/265\/revisions"}],"predecessor-version":[{"id":322,"href":"https:\/\/www.locativ.com\/dorinka\/wp-json\/wp\/v2\/pages\/265\/revisions\/322"}],"wp:attachment":[{"href":"https:\/\/www.locativ.com\/dorinka\/wp-json\/wp\/v2\/media?parent=265"}],"curies":[{"name":"wp","href":"https:\/\/api.w.org\/{rel}","templated":true}]}}