{"id":215,"date":"2023-10-22T01:23:43","date_gmt":"2023-10-21T23:23:43","guid":{"rendered":"http:\/\/www.locativ.com\/dorinka\/?page_id=215"},"modified":"2023-11-07T12:33:23","modified_gmt":"2023-11-07T11:33:23","slug":"album-2-de","status":"publish","type":"page","link":"https:\/\/www.locativ.com\/dorinka\/album-2-de\/","title":{"rendered":"Doreen Daume (Album 2) &#8211; DE"},"content":{"rendered":"\n<p>Leider konnte ich nicht alle Autoren der pr\u00e4sentierten Aufnahmen eruieren. Die meisten stammen von Maciek Scholz und Marek Wilczy\u0144ski, einige habe ich von Alois Ritter, Kunstverein Alte Schmiede und IG \u00dcbersetzerinnen \u00dcbersetzer erhalten. Vereinzelte Bilder kommen von Monika Muska\u0142a und Pawel Krul. Falls jemand hier seine Fotos entdeckt oder zumindest den Autor nennen kann, ersuche ich um E-mail an webmaster@locativ.com<\/p>\n\n\n<div class=\"gmedia_gallery amron_module is_bot\" id=\"GmediaGallery_4\" data-gmid=\"4\" data-module=\"amron\"><script type=\"text\/javascript\">\n\t(function() {\n\t\tthis['GmediaGallery_4'] = {\n\t\t\t'settings':{\"collectionThumbRecomendedWidth\":\"260\",\"collectionPreloaderColor\":\"333333\",\"linkTargetWindow\":\"_blank\",\"thumbSpacing\":\"10\",\"tagsFilter\":\"0\",\"tagCloudAll\":\"All\",\"tagCloudTextColor\":\"rgba(0, 0, 0, 1)\",\"tagCloudTextColorOver\":\"rgba(255,255, 255, 1)\",\"tagCloudBgColor\":\"rgba(211, 211, 211, 1)\",\"tagCloudBgColorOver\":\"rgba(11, 11, 11, 1)\",\"collectionThumbHoverColor\":\"rgba(0, 0, 0, .7)\",\"collectionThumbContentBGColor\":\"rgba(245,245,245,1)\",\"collectionThumbTitleShow\":\"0\",\"collectionThumbTitleColor\":\"rgba(0,0,0,1)\",\"collectionThumbFontSize\":\"18\",\"collectionThumbDescriptionShow\":\"0\",\"collectionThumbDescriptionColor\":\"rgba(0,0,0,1)\",\"collectionThumbDescriptionFontSize\":\"15\",\"collectionReadMoreButtonLabel\":\"Read More\",\"collectionReadMoreButtonLabelColor\":\"rgba(255, 255, 255, 1)\",\"collectionReadMoreButtonBGColor\":\"rgba(0, 0, 0, 1)\",\"collectionReadMoreButtonLabelColorHover\":\"rgba(0, 0, 0, 1)\",\"collectionReadMoreButtonBGColorHover\":\"rgba(235,235,235,1)\",\"modaBgColor\":\"rgba(0,0,0,0.9)\",\"modalInfoBoxBgColor\":\"rgba(255,255,255,1)\",\"modalInfoBoxTitleTextColor\":\"000000\",\"modalInfoBoxTextColor\":\"333333\",\"infoBarCountersEnable\":\"0\",\"infoBarDateInfoEnable\":\"0\",\"lightBoxEnable\":\"1\",\"sliderPreloaderColor\":\"ffffff\",\"sliderBgColor\":\"rgba(0,0,0,0.8)\",\"sliderHeaderFooterBgColor\":\"000000\",\"sliderNavigationColor\":\"rgba(0,0,0,1)\",\"sliderNavigationIconColor\":\"rgba(255,255,255,1)\",\"sliderNavigationColorOver\":\"rgba(255,255,255,1)\",\"sliderNavigationIconColorOver\":\"rgba(0,0,0,1)\",\"sliderItemTitleFontSize\":\"24\",\"sliderItemTitleTextColor\":\"ffffff\",\"sliderThumbBarEnable\":\"0\",\"sliderThumbBarHoverColor\":\"ffffff\",\"sliderThumbSubMenuBackgroundColor\":\"rgba(0,0,0,1)\",\"sliderThumbSubMenuBackgroundColorOver\":\"rgba(255,255,255,1)\",\"sliderThumbSubMenuIconColor\":\"rgba(255,255,255,1)\",\"sliderThumbSubMenuIconHoverColor\":\"rgba(0,0,0,1)\",\"sliderInfoEnable\":\"0\",\"sliderItemDownload\":\"1\",\"sliderItemDiscuss\":\"0\",\"sliderSocialShareEnabled\":\"1\",\"sliderLikesEnabled\":\"1\",\"customCSS\":\"\",\"module_url\":\"https:\\\/\\\/www.locativ.com\\\/dorinka\\\/wp-content\\\/plugins\\\/grand-media\\\/module\\\/amron\",\"license\":\"\",\"post_url\":\"https:\\\/\\\/www.locativ.com\\\/dorinka\\\/wp-json\\\/wp\\\/v2\\\/pages\\\/215\"},\n\t\t\t'appQuery':{\"orderby\":\"custom\",\"order\":\"ASC\",\"album__in\":\"4\",\"status\":[\"publish\"],\"limit\":100},\n\t\t\t'appApi':\"https:\\\/\\\/www.locativ.com\\\/dorinka\\\/?gmedia-app=1&gmappversion=4&gmmodule=1\",\n\t\t\t'appInfo':{\"name\":\"Dorinka 2\",\"description\":\"Leider konnte ich nicht alle Autoren der pr\\u00e4sentierten Aufnahmen eruieren. Die meisten stammen von Maciek Scholz und Marek Wilczy\\u0144ski, einige habe ich vom Kunstverein Alte Schmiede und IG \\u00dcbersetzerinnen \\u00dcbersetzer erhalten. Vereinzelte Bilder kommen von Monika Muska\\u0142a und Pawel Krul. Falls jemand hier seine Fotos entdeckt oder zumindest den Autor nennen kann, ersuche ich um E-mail an webmaster@locativ.com\"}};\n\t})();\n<\/script>\n<\/div>\n\n\n<nav class=\"is-responsive items-justified-center wp-block-navigation is-content-justification-center is-layout-flex wp-container-2 wp-block-navigation-is-layout-flex\" aria-label=\"main-de\" ><button aria-haspopup=\"true\" aria-label=\"Men\u00fc \u00f6ffnen\" class=\"wp-block-navigation__responsive-container-open \" data-micromodal-trigger=\"modal-1\" ><svg width=\"24\" height=\"24\" xmlns=\"http:\/\/www.w3.org\/2000\/svg\" viewBox=\"0 0 24 24\" aria-hidden=\"true\" focusable=\"false\"><rect x=\"4\" y=\"7.5\" width=\"16\" height=\"1.5\" \/><rect x=\"4\" y=\"15\" width=\"16\" height=\"1.5\" \/><\/svg><\/button>\n\t\t\t<div class=\"wp-block-navigation__responsive-container  \" style=\"\" id=\"modal-1\" >\n\t\t\t\t<div class=\"wp-block-navigation__responsive-close\" tabindex=\"-1\" data-micromodal-close>\n\t\t\t\t\t<div class=\"wp-block-navigation__responsive-dialog\" aria-label=\"Men\u00fc\" >\n\t\t\t\t\t\t\t<button aria-label=\"Men\u00fc schlie\u00dfen\" data-micromodal-close class=\"wp-block-navigation__responsive-container-close\" ><svg xmlns=\"http:\/\/www.w3.org\/2000\/svg\" viewBox=\"0 0 24 24\" width=\"24\" height=\"24\" aria-hidden=\"true\" focusable=\"false\"><path d=\"M13 11.8l6.1-6.3-1-1-6.1 6.2-6.1-6.2-1 1 6.1 6.3-6.5 6.7 1 1 6.5-6.6 6.5 6.6 1-1z\"><\/path><\/svg><\/button>\n\t\t\t\t\t\t<div class=\"wp-block-navigation__responsive-container-content\" id=\"modal-1-content\">\n\t\t\t\t\t\t\t\n\t\t\t\t\t\t<\/div>\n\t\t\t\t\t<\/div>\n\t\t\t\t<\/div>\n\t\t\t<\/div><\/nav>","protected":false},"excerpt":{"rendered":"<p>Leider konnte ich nicht alle Autoren der pr\u00e4sentierten Aufnahmen eruieren. Die meisten stammen von Maciek Scholz und Marek Wilczy\u0144ski, einige habe ich von Alois Ritter, Kunstverein Alte Schmiede und IG \u00dcbersetzerinnen \u00dcbersetzer erhalten. Vereinzelte Bilder kommen von Monika Muska\u0142a und Pawel Krul. Falls jemand hier seine Fotos entdeckt oder zumindest den Autor nennen kann, ersuche &#8230; <a title=\"Doreen Daume (Album 2) &#8211; DE\" class=\"read-more\" href=\"https:\/\/www.locativ.com\/dorinka\/album-2-de\/\" aria-label=\"Mehr zu Doreen Daume (Album 2) &#8211; DE\">Weiterlesen &#8230;<\/a><\/p>\n","protected":false},"author":1,"featured_media":0,"parent":0,"menu_order":0,"comment_status":"closed","ping_status":"closed","template":"","meta":{"footnotes":""},"_links":{"self":[{"href":"https:\/\/www.locativ.com\/dorinka\/wp-json\/wp\/v2\/pages\/215"}],"collection":[{"href":"https:\/\/www.locativ.com\/dorinka\/wp-json\/wp\/v2\/pages"}],"about":[{"href":"https:\/\/www.locativ.com\/dorinka\/wp-json\/wp\/v2\/types\/page"}],"author":[{"embeddable":true,"href":"https:\/\/www.locativ.com\/dorinka\/wp-json\/wp\/v2\/users\/1"}],"replies":[{"embeddable":true,"href":"https:\/\/www.locativ.com\/dorinka\/wp-json\/wp\/v2\/comments?post=215"}],"version-history":[{"count":5,"href":"https:\/\/www.locativ.com\/dorinka\/wp-json\/wp\/v2\/pages\/215\/revisions"}],"predecessor-version":[{"id":328,"href":"https:\/\/www.locativ.com\/dorinka\/wp-json\/wp\/v2\/pages\/215\/revisions\/328"}],"wp:attachment":[{"href":"https:\/\/www.locativ.com\/dorinka\/wp-json\/wp\/v2\/media?parent=215"}],"curies":[{"name":"wp","href":"https:\/\/api.w.org\/{rel}","templated":true}]}}